 the hundreds digit of y?
1
Let y be 3*5/105 + (-5457)/(-21). Suppose -2*a + 3*u = -825, -3*a + 1487 = -u + y. What is the hundreds digit of a?
4
Suppose 18*o - 225828 = 263574. What is the ten thousands digit of o?
2
Suppose 15*o + 55812 = 397326 + 143811. What is the thousands digit of o?
2
Let y(i) = i**3 - 37*i**2 - 61*i - 244. What is the thousands digit of y(49)?
5
Let i be 9/(-6)*(3 - (-546)/(-18)). Suppose 9*g = i*g - 3424. What is the hundreds digit of g?
1
Suppose -11*a = -14*a + 2238. Suppose 0 = 40*f - 42*f + a. What is the units digit of f?
3
Let a be (3 + -24)*(-533)/3. Suppose 51*x - 44*x = a. What is the units digit of x?
3
Let q be (-67)/((4/(-12))/((-2)/(-3))). Suppose o - 2 = -3, -o = 5*y - q. Let b = y - -29. What is the units digit of b?
6
Let m = -461 + 509. Suppose 5*j = -0*j - 4*s + m, -s = j - 10. What is the units digit of j?
8
Suppose -92*d - 137*d + 3717586 = 0. What is the hundreds digit of d?
2
Suppose -6*t + 4*o = -8*t + 146, -4*t + 342 = -2*o. Let i = -79 + t. Suppose -3*h = -i*h + 18. What is the tens digit of h?
1
Let n(w) = -313*w + 482. What is the tens digit of n(-28)?
4
Suppose -5*a + 193 = -332. Suppose i - 2*i = -2*r + a, 157 = 3*r - 2*i. Suppose -4*m = r - 445. What is the tens digit of m?
9
Suppose -13*t + 14*t - 311424 = -23*t. What is the units digit of t?
6
Suppose 9 = -0*p + 3*p - 3*x, 3*x = -3. Suppose -2*c = -3*c - p*d + 400, -3*d = -2*c + 800. What is the hundreds digit of c?
4
Let x(p) = -7*p**2 + 2*p + 5. Let n be x(-2). What is the tens digit of (-76)/171 + (-9435)/n?
4
Let w = 16593 - -25723. What is the thousands digit of w?
2
Let v be 6 + 8/(32/164). Suppose p + 3 = 1, 0 = -n + 2*p + 212. Let g = n - v. What is the units digit of g?
1
Let t be 128/(-224) + (-5062)/(-14). Suppose n = -5*h + 1505, -h - n = 64 - t. What is the units digit of h?
2
Suppose -3820*d = -3832*d + 273252. What is the ten thousands digit of d?
2
What is the tens digit of 2 - (6 + 1 - 3734)?
2
Let l = 3184 - 1699. Suppose -4*p - l = -x, -4*x + 13*p - 14*p + 5923 = 0. What is the tens digit of x?
8
Suppose -u - 1491 = 4*j - 7663, 2*j - 2 = 0. What is the units digit of u?
8
Let g(a) = a**3 - 2*a**2 - 7. Let c be g(3). What is the hundreds digit of 1548/(-90)*5*(c - 8)?
5
Suppose -p - 3*f = -2*p + 42, -2*p + 29 = 5*f. Let r = p - -551. What is the tens digit of 2 + (-3)/12 + r/8?
7
Suppose -963*i + l = -967*i + 285796, 0 = -2*l - 16. What is the units digit of i?
1
Suppose 22*c - 17*c = 3*z - 9, 5*z + 5*c = 15. Suppose -z*b + 159 = 105. What is the units digit of b?
8
What is the hundreds digit of (81455 + -8 + 18)/3?
1
Suppose 0 = -686*x + 715*x - 1359462. What is the thousands digit of x?
6
Suppose 4*j - 22856 = -7*m + 3*m, -5*m + 28565 = 4*j. What is the thousands digit of m?
5
Let u be 462 - -2 - (0 + -2 + 0). Suppose -4*n = 3*a - u, -5*n + 5*a - 288 = -853. What is the tens digit of (-3)/(-6)*(n + 7)?
6
Let h(o) = 0*o**2 - 13*o**3 + 20 + o**2 + 14*o**3. Let q be h(0). Suppose 4*d = 3*v + q, -4*d + 5*v + 28 = -0*v. What is the units digit of d?
2
Suppose -4*j + 3*j + f = -24, 5*j - 127 = -2*f. Suppose 0 = 23*t - 29*t + 264. Let w = t - j. What is the tens digit of w?
1
Let h = 4 + -2. Let o(w) = 7*w - 60. Let a be o(9). Suppose h*x = k - 23, a*k + 4*x - 58 = 61. What is the tens digit of k?
3
Let v(c) = -5*c**2 + 3*c - 2. Let n be (-16)/(-10) - 12/(-30). Let u be v(n). What is the units digit of ((-2)/4)/(8/u)?
1
Let z(g) = 27*g + 31. Let y be z(-6). Let s = y - -553. What is the tens digit of s?
2
Let x = -28 + 35. Suppose x*u + 5*u = 60. Suppose 315 = u*k + 4*i, 4*k = k + 2*i + 167. What is the tens digit of k?
5
Let d be (4 - 4 - 0)*1. Suppose 6*r - 1677 - 3135 = d. What is the hundreds digit of r?
8
Let j = -43181 - -66738. What is the hundreds digit of j?
5
Suppose -3*d + 20 = -4*b + 3*b, 25 = 2*d - 3*b. Suppose d*m - 10 = -0*m. What is the units digit of (m + -4)*(0 - 8/4)?
4
What is the tens digit of (-26)/(-4) + (-91315)/(-70)?
1
Let d be 4363 + -2 - (21/3 - 2). Suppose 33*j - d = 11*j. What is the units digit of j?
8
Let v = -150 + 150. What is the tens digit of (-48 - -46) + 680 + v?
7
Suppose -3*r - 6743 = -5*a + 12861, 0 = -3*a + 3*r + 11766. What is the thousands digit of a?
3
Let g(a) = -6*a**3 - 95*a**2 + 89*a + 239. What is the tens digit of g(-26)?
6
Let o be (-1)/(-4) - 12/(-16). Suppose 0*c - c = o, 4*c = j - 9. Suppose f = -j*v - 2*f + 917, -4*v + 708 = -4*f. What is the units digit of v?
1
Let m(t) = 142*t**2 + 188. What is the thousands digit of m(-8)?
9
Let w(v) = 4*v**3 - 4*v**2 - 11*v - 2. Let l be 154/30 - (-14 - (-3180)/225). What is the tens digit of w(l)?
4
Suppose 11*v = 28*v - 165359. What is the hundreds digit of v?
7
Let j be -2052 + 4/(16/6)*2. What is the hundreds digit of j/(-12) + 33/(-44)?
1
Let b = 56 - 50. Let q(p) = 23*p - 6*p - 4*p + 2*p + b. What is the units digit of q(10)?
6
Suppose 8*g - 568175 = -4*u + 5*u, 3*g + 5*u = 213114. What is the thousands digit of g?
1
Suppose -5*g - 3*d = -3064, 0 = -3*d + 2*d + 3. Suppose 421 = -q + g. What is the hundreds digit of q?
1
Let s(w) = 5*w**2 - 53*w - 7. Let f be s(17). Suppose 2*m + f = 1799. What is the hundreds digit of m?
6
Let o = -92 - -96. Let i = 709 - 487. Suppose -o*u + 162 = -i. What is the units digit of u?
6
Let f(z) = 28*z**2 + 72*z + 10. What is the hundreds digit of f(-26)?
0
Let g = -41 + 50. Let x be g/(-6)*-5*50. Let o = x - 168. What is the hundreds digit of o?
2
Let l be (-4)/(-18) - 266/(-18). Let n(v) = 8 - v**3 + 75*v + 18*v**2 - 253*v + 72*v + 68*v. What is the hundreds digit of n(l)?
1
Let z(t) = 417*t**2 + 35*t + 34. Let p be z(-1). Suppose v - 1574 = 5*l - p, 0 = -4*v + 4*l + 4584. What is the hundreds digit of v?
1
Suppose -3*m - 109 = q - 6*q, 63 = -m - 5*q. Suppose -4*c + 90 = -102. Let u = m + c. What is the units digit of u?
5
Let a be (2 + 0)*595/(-14). Let x = a + -112. Let y = 332 + x. What is the tens digit of y?
3
Let h = 113 - 109. Let j be ((-18)/4 + h)*126. Let l = j - -98. What is the units digit of l?
5
What is the thousands digit of 207/(-1725) + (-1442868)/(-150)?
9
Let g(x) = 3*x**2 + 16*x - 31. Let q be g(13). Let k = q + -450. What is the units digit of k?
4
Let z be 2/(-8) + (-1611770)/(-136). Suppose -z - 1199 = -10*a. What is the hundreds digit of a?
3
Let z = -1 - -1. Let u(j) be the first derivative of 2*j**3/3 + 46*j - 32. What is the units digit of u(z)?
6
Suppose -2*i + 12290 = 2*l, 5*l = 5*i - 23885 - 6870. What is the hundreds digit of i?
1
Let x(r) = 6*r - 8. Let n be x(2). Let g(o) = -6*o + 1. Let a be g(n). Let c = a + 225. What is the units digit of c?
2
Suppose 10*s + 50*l - 55*l - 113155 = 0, -33922 = -3*s - 2*l. What is the ten thousands digit of s?
1
Suppose 5*d = -0 + 10. What is the tens digit of (295 + (-3 - -7) - -3)/d?
5
Let y(r) = -4545*r - 1490. What is the units digit of y(-7)?
5
Let s = -52920 - -97250. What is the ten thousands digit of s?
4
Suppose 1127418 = 53*b - 829130. What is the ten thousands digit of b?
3
Suppose 0*m + m = -23. Let b = m - -51. Let p = b - -36. What is the tens digit of p?
6
Suppose 70 = 4*l + 5*g, -2*l + 0*g = 2*g - 34. Suppose l*b - 4584 = 7*b. What is the units digit of b?
3
Let d(h) = 134*h + 1413. What is the hundreds digit of d(36)?
2
Suppose 110*o - 1065714 - 296378 = -119*o. What is the thousands digit of o?
5
Suppose -18357 = -9*g + 10173. What is the units digit of g?
0
Let h(l) = 78*l - 208. Suppose -4*s + 19 = -t, 7*t = 2*s + 4*t + 3. What is the hundreds digit of h(s)?
2
Let f = 600 - 595. Suppose p - 534 = 2*y + 719, 0 = 5*p - f*y - 6245. What is the tens digit of p?
4
Let n(i) = 6*i + 2. Let z be n(0). Let x be -3*z - -2 - 61. Let s = 108 + x. What is the tens digit of s?
4
Let v = 92 + -92. Let t be v*(-6)/12 + 9/3. What is the tens digit of ((-1074)/12)/(1*t/(-6))?
7
Let g(s) = 2*s**2 - s + 44. Let n be -3 + (-25)/(-15)*-3. What is the hundreds digit of g(n)?
1
Let s be (-50)/30 - (-28)/6. Suppose -s*y - 442 = -2*u, 4*u - 2*u + 2*y = 442. What is the tens digit of u?
2
Let w be (-12)/(-30) - (1 - 26/10). Suppose -5*r = w*k - 930, 3*r = 5*k - 2*k - 1437. What is the tens digit of k?
7
Let w(b) be the first derivative of -53*b**4/4 - 2*b**3 + 2*b - 60. What is the thousands digit of w(-3)?
1
Let l(c) = c**3 - 3